e -16 + 36 + 17 + (-16 - -5).
26
What is the value of -5 + 49 + -23 + 1?
22
6 + 9 + (-16 - 20)
-21
What is 1 - 1 - ((-10 - 15) + 6 - -5)?
14
Calculate -26 + 6 - -5 - -18.
3
Calculate 2 + -21 + 24 + (-3 - (-1 + -1)).
4
What is the value of 15 - 10 - (-5 + 3 + 4)?
3
What is the value of 15 + 5 - (65 - 59)?
14
What is the value of (-1 - 2 - (16 - 14)) + (11 - 20)?
-14
What is (-2 - -20 - 34) + (-9 - 2)?
-27
Evaluate 35 + -24 + 2 + -24.
-11
Calculate -128 - -121 - (1 - 3 - 2).
-3
What is -101 - -107 - (-13 - -1 - -2)?
16
What is the value of -12 - (-13 - (12 - 24) - (0 - 1))?
-12
Calculate -2 + 3 - (0 - (-4 + -6) - -7).
-16
Calculate 0 + -1 + -1 + 2 + (-9 - -15).
6
Evaluate 1 + 31 + (-2044 - -2036).
24
What is the value of -27 - -32 - (0 + 1 + 14)?
-10
What is the value of -26 - -8 - -30 - 34?
-22
Calculate -3 + 1 + -3 + 6 - (5 - -9).
-13
Evaluate -18 + 1 - (2 - (-1 - -4)).
-16
What is the value of (12 - 21) + 33 + -11?
13
Evaluate -16 + (8 - -20) - 38.
-26
What is -37 + (-32 - -37 - -59)?
27
(-6 - -2 - (-6 - -12)) + 14
4
What is the value of -22 + -5 + -3 + 43 + -29?
-16
What is (6 - 4) + 8 - ((-6 - 6) + 13)?
9
Calculate -46 + 24 + 0 - (1 + -4 + 1).
-20
Calculate -3 + 4 + 4 + -8 + 2 + -11.
-12
What is the value of (-218 - -227) + (1 - (-1 - -1))?
10
Calculate (16 + -12 - (-10 + (13 - 4))) + -8.
-3
35 - (-7 - -15) - (0 + 6)
21
Evaluate 39 + (-26 - -8 - 7).
14
Calculate -1 + -5 + -4 + 9 + 4 - 7.
-4
What is the value of 2 - -3 - (20 - 7)?
-8
Evaluate 21 - (-2 + 35 + -8).
-4
What is the value of -9 + (-8 - -12) + 4 - -27?
26
What is -51 + (85 - 34) + -2 + 0 + 15?
13
What is the value of -19 - (-3 - (5 - (-3 + 8)) - 2)?
-14
What is the value of 9 + -12 + -10 + 6?
-7
What is the value of -7 + (-6 + 12 - -4) - 6?
-3
4 - (-16 - -13) - 4
3
5 + -8 + -18 + 5
-16
What is the value of (-8 - -11 - 3) + -12?
-12
What is 0 + ((-16 - -17) + 3 - (-1 - -18))?
-13
What is (211 - 195) + (-1 - 9)?
6
What is 35 + -27 + 7 + 22?
37
12 + -47 + 0 + 38
3
1 + -7 + (23 - (17 - 8))
8
Calculate 12 - (0 - -3) - 4 - (-7 + 20).
-8
What is the value of 21 - (39 - 26) - -29?
37
Evaluate 1 - -3 - -3 - 12.
-5
Calculate -8 + (-8 - 0) + 14 + -1.
-3
8 - ((17 - 22) + 16)
-3
What is the value of 1 - (-4 + (1 - (3 + -4)) + -3)?
6
What is 0 + 11 + (39 - (-5 - -54))?
1
What is 533 - 526 - (-25 - -1)?
31
Calculate (11 - -10) + -25 - (2 - 4 - -5).
-7
What is (19 - (7 + -1 + -6)) + -3 + 4?
20
What is the value of 43 - (46 + -31 + 22)?
6
Calculate -19 - 1 - (-593 - -557).
16
Calculate 11 - ((9 - 12) + (7 - 1)).
8
What is -2 + 4 + 4 - (22 - (-1 - -2))?
-15
Evaluate -42 + 4 + 7 + 2 + 0.
-29
Evaluate 4 + 4 + -18 + 9 - -6.
5
Calculate (9 - 8) + (6 - (1 - -9)).
-3
What is -10 + (21 - 11) + -6 - (3 + -1)?
-8
Evaluate 7 + 0 + (-2 + 14 - 3 - -7).
23
Calculate 6 - (-14 + 28 + -19).
11
What is the value of 9 + (-55 + 22 - -2)?
-22
15 + -3 + -19 - -5
-2
Calculate -1 + -6 - (217 + -228).
4
What is the value of -56 + -1 + (-3251 - -3294)?
-14
What is -3 + 1 + (4 - (-3 - -2)) + -2?
1
What is 3 - 0 - (-7 + -3 + 32 + -29)?
10
Evaluate -1 + (-7 - (6 + -8)) + 0 + 4.
-2
Evaluate -5 + (74 + -53 + (-9 - 0) - -12).
19
(-2 - (-24 + 47)) + 16
-9
Evaluate 55 + -2 - 45 - (2 + 0 + 31).
-25
What is -12 - (-1 + 9 + -21 + 3 + -24)?
22
Calculate -13 + -19 + (62 - 23).
7
What is the value of -17 + 8 - (-15 + 14)?
-8
What is the value of (20 - (31 + -10)) + 0 + 1 + -1?
-1
What is (-114 + 139 - 25) + (-34 - (-1 - 0))?
-33
Calculate 236 + -245 - (-16 + 1).
6
Calculate 16 + (12 - (-12 - (-29 - -16))).
27
What is the value of (-32 + 57 - 33) + 23 + 1?
16
9 - ((2 - -1) + -13 + (3 - -2))
14
Evaluate 75 + -82 - (2 + 0 + 1 + -3).
-7
Evaluate 38 + (18 - 35) + -24.
-3
Calculate -19 + 12 + -11 + 57 + -10.
29
Evaluate -17 + 4 + 46 + -33.
0
Calculate (15 - (42 + -34)) + -21.
-14
94 - 90 - (1 - -24)
-21
Evaluate -16 + 14 - (-2 + -3).
3
What is (-2 - 10) + -5 + 7 + (2 - 4)?
-12
Evaluate 10 - -10 - (-35 + 89).
-34
1 + 3 + (-10 - -45 - 39)
0
Evaluate -7 - (-4 + 0 - (11 + 7 + -13)).
2
What is 1 + -6 - (-14 + 17)?
-8
What is 18 - 4 - (-2 + (3 - -6 - 3))?
10
Calculate 2 + (-15 - (-1 + 12 - 14)).
-10
Evaluate (-19 + 16 + 6 - 31) + 11.
-17
Calculate -7 - -9 - (-2 - -16).
-12
Evaluate (5 - 5) + -6 + 1 + 10 + -1.
4
Calculate -2 + (8 - (-19 + -2)) - (8 - 0).
19
What is -3 + 2 - (11 - (30 + -24))?
-6
What is the value of -32 + -8 + 7 + 14?
-19
Calculate 4 - (-15 + 29 - -10).
-20
-9 + (-20 - -20 - 5)
-14
What is the value of (5 - 5 - (0 - -9)) + 7?
-2
Evaluate 11 - (-7 + -8 + 24 + -6).
8
Calculate 9 + -7 + -9 + 0.
-7
What is the value of 5 + (-1 - (7 - (0 + 1)))?
-2
Calculate -10 + (0 - -12) + (-2 - -4) - 9.
-5
What is the value of (-15 + -10 + 12 - -5) + (1 - -5)?
-2
What is (5 + (-16 - -15) - 11) + (0 - -22)?
15
Evaluate -43 - -36 - (3 - -1).
-11
What is 1113 + -1151 - (-8 - -1)?
-31
Calculate 3 - (2 + (8 + 0 - (-3 - -15))).
5
What is -23 + 19 + -4 - (-11 - 0)?
3
((26 - -5) + -13 - 1) + -13
4
Calculate 9 - 0 - (-4 + (-8 - -16) + -2).
7
Evaluate (52 - 49) + (-2 - 18).
-17
Calculate -3 + (0 - -5) + -10.
-8
(-1 - -10) + (5 - (13 - 2)) + -16
-13
Calculate 19 + (25 - 7 - 39).
-2
Calculate 16 + -9 + (-28 - -21).
0
104 + -112 - (3 - 15)
4
Evaluate 0 + (-7 + (2 - -4) - 1) - -2.
0
-6 + 10 + -10 - 2
-8
0 + 10 + -14 - -1
-3
-1 + 34 + -8 + (-17 - -1)
9
What is 21 + -24 - (-1 + -26) - 10?
14
Calculate (0 - (2 - -16)) + 26.
8
Evaluate -10 - (-2 - 2) - -16.
10
Calculate -27 + 20 + 12 - 18.
-13
8 + (-13 - -4) - (2 + (3 - -1))
-7
Evaluate 14 + 2 + -3 - 10.
3
What is 14 + -3 + (-4 - (-4 - 21))?
32
Evaluate -19 + 9 + 16 - (0 - 1).
7
What is (306 - 320) + 31 + -1?
16
What is 2 - 1 - (-163 + 169)?
-5
What is 2 + -34 + 17 + 27?
12
Calculate (-2 - (-3 - -5)) + (-11 - (-19 - -11)).
-7
53 - (48 - -31) - (-1 + -12)
-13
(-20 - (7 - 15)) + (-5 - -4)
-13
Evaluate 14 - 3 - (-13 - (-9 - -7)).
22
Evaluate (-1 - -18 - (17 - -18)) + 41.
23
13 + (-5 - 14) - -16
10
What is (-7 + 38 - 34) + -15?
-18
What is the value of -21 - (-21 + -23) - (2 + 6)?
15
-39 + -26 + 62 - (12 - -1)
-16
Evaluate -1 + 10 - (5 + 20 - 19 - 20).
23
Evaluate (6 - (4 + 7 + (9 - 16))) + -25.
-23
Calculate -12 + (3 - (-54 - -59 - (0 - -2))).
-12
What is the value of -97 + 63 - (-4 + -36)?
6
What is the value of (2 - 1) + (585 - 566)?
20
(7 - (-14 - -21)) + 6 + -1
5
What is -2 + (-10 + 3 - 0)?
-9
What is -44 + 0 - (-86 + 71 - -4)?
-33
45 - (9 - -10 - 12) - 16
22
What is the value of 4 + -2 + -9 + (30 - (24 - -9))?
-10
Calculate 0 - -14 - (-6 + 23 - 11).
8
What is the value of (-7 - 29 - -11) + 46?
21
What is the value of (-70 - -35) + 27 + -20?
-28
What is 5 + -8 + (24 - 8)?
13
-1 + (-8 - (-17 + 8 + 5))
-5
What is -60 - (-2 - 13) - -32?
-13
Evaluate -59 + 46 - ((-46 - -4) + 4).
25
What is -30 + 32 + -5 + -3?
-6
Evaluate 1 + 1 + -16 + 26 + -2 + -13.
-3
What is (-9 - (-7 + 2 + 2)) + 15 + -5?
4
Evaluate -24 - -1 - (-339 - -318).
-2
Calculate (-18 - 11) + 28 - 22.
-23
What is the value of -9 - (-41 + 67 - 71)?
36
Calculate -54 + 64 - (-2 - -2).
10
What is -83 - -86 - (-8 - -14)?
-3
-6 + (-3 - (-4 - (-8 - -9)))
-4
(1 - -9) + (-12 - 3)
-5
What is -21 - (10 - (0 - -21))?
-10
What is -9 - (-6 + 0 + 12 - (-9 - 11))?
-35
Evaluate -1 + 1 + 1 - -6 - (9 + -5).
3
Evaluate (4 - -1) + (-5 - 17 - -15).
-2
What is (-16 - (-17 - 9)) + -20?
-10
Evaluate 0 - (-8 + (18 - 10) - (4 + 3)).
7
Evaluate -17 + -12 + 8 + -3 - (-1 - 4).
-19
Evaluate (21 - -1) + (31 - 31).
22
Calculate (-26 - -66 - 13) + -3.
24
What is -11 + -7 + (29 - 8) + (-26 - 0)?
-23
What is 16 - (-14 + -4 + 26)?
8
484 + -489 + (17 - (0 - 0))
12
What is -10 + -3 + 4 - 3?
-12
What is -4 + 0 + (-32 - (-10 + 11)) - -5?
-32
What is 15 + (-7 - -5 - 0) - 15?
-2
Calculate 7 + (1 - (-3 + 7)) + (-2 - -8).
10
What is the value of 15 + 15 - 13 - 15?
2
What is -2 + 4 - 4 - (-7 - (-15 + 14))?
4
What is 7 + -2 + -10 + 8 + -16 + 1?
-12
-46 + 50 + 1 + 3 + -11
-3
Calculate 152 + -142 - (0 + -1 - 3).
14
-5 + (2 - -2 - (-7 - -1)) - -3
8
What is 0 + 4 + (-15 - -6) + 2 + 10?
7
3 + (10 + -3 + -24 - -3)
-11
What is the value of -15 + -3 + 11 + -4?
-11
Calculate 0 + 9 - (4 + (-6 - 1)).
12
Evaluate -4 + -8 - (-58 - -55) - (-9 - 1).
1
What is the value of 23 + (36 - (9 + 78))?
-28
Calculate (-15 - 2) + 27 + -11.
-1
What is (-1 - -4) + 15 + (-23 - 0) - 9?
-14
What is the value of (-28 - -12 - -46) + 7